= 0, 3*b = -5*r - 2*b + 200. Calculate the remainder when r is divided by 15.
14
Let z = -37 + 21. Let m = z + 31. Let h = 73 - 31. What is the remainder when h is divided by m?
12
Suppose -4*h - 45 = -p, 33 = 2*p + h - 66. Let q(s) = s**2 + 8*s + 5. Let j be q(-8). Suppose j + 12 = c. Calculate the remainder when p is divided by c.
15
Suppose -123 = -2*a - 35. What is the remainder when 30 is divided by (-2)/((-96)/a + 2)?
8
Let k(x) = 2*x + 4. Let a = -34 + 92. Calculate the remainder when a is divided by k(8).
18
What is the remainder when 21 is divided by (-2)/12 + (-292)/(-24)?
9
Let i = 175 - 131. Calculate the remainder when i is divided by 23.
21
Suppose 0 = -3*s + 14 + 55. Calculate the remainder when 44 is divided by s.
21
Let j = -206 - -219. Suppose 0 = 6*f - 11*f + 185. Calculate the remainder when f is divided by j.
11
Let r(h) = -h**3 - 8*h**2 + 11*h + 18. Calculate the remainder when r(-10) is divided by 11.
9
What is the remainder when 18 is divided by (-72)/126 - 106/(-14)?
4
Suppose -64 = -2*a - 0*a. Suppose 9 = -v + a. Suppose -454 = -5*u + 3*l, 0 = -u + 2*l + 2*l + 101. Calculate the remainder when u is divided by v.
20
Suppose 22 - 67 = -r + 5*g, -5*r - 3*g = -113. Calculate the remainder when 99 is divided by r.
24
Let k(i) = -i**3 + i**2 + i + 21. What is the remainder when 80 is divided by k(0)?
17
Suppose i + 2*w - 6 = 0, 3*w = -5*i + 20 + 17. Calculate the remainder when i is divided by 2.
0
Let r = 108 + -67. Calculate the remainder when r is divided by 22.
19
Let k be (0 - 0) + 0 - -2. Suppose -4*l - k*g + 66 = 0, -4*g = -l + 4 + 8. Calculate the remainder when 0 - (2 - 25)*2 is divided by l.
14
Suppose 5*n - 30 = 5*h, -2*h + 3*h = 3*n - 16. Let g be 3/(-9)*0 + 0. Suppose g = -i - 2, -w + 8 = -4*i - n. Calculate the remainder when 8 is divided by w.
3
Let k = -28 - -52. What is the remainder when 70 is divided by k?
22
Let u = -38 - -42. What is the remainder when 9 is divided by u?
1
Let d(s) = 5*s + 2. Suppose 3*g - 2 = 2*g. Let l be d(g). Suppose -2*v + l = v - 3*n, 3*v = 5*n + 16. Calculate the remainder when 2 is divided by v.
0
Suppose 4*j - 2*c + 96 = -180, -4*c = 5*j + 358. What is the remainder when 46 is divided by j/(-6) + 3/9?
10
Let l = 14 + -8. Let y = l + -2. Suppose 3*t = 4*t - y. What is the remainder when 10 is divided by t?
2
Let q = -143 - -240. What is the remainder when q is divided by 20?
17
Let h = 80 - 62. Calculate the remainder when h is divided by 4.
2
Suppose 0*g - 24 = -3*g. Suppose -2*j = -3*j + g. Suppose -6 = -f - f. Calculate the remainder when j is divided by f.
2
Calculate the remainder when (20/(-1))/5 + 87 is divided by 28.
27
Let s = -2 - -4. Let k(n) = 3*n + 1. What is the remainder when k(2) is divided by s?
1
Let y(h) = 4*h**2 + 6*h + 3. What is the remainder when y(-5) is divided by 25?
23
Let i = 122 + -88. Calculate the remainder when 134 is divided by i.
32
Let v = -4 + 9. Let p be ((-66)/(-10))/(3/15). Suppose 2 = v*o - p. What is the remainder when 20 is divided by o?
6
Let h(m) = -m**3 - 12*m**2 - 11*m. Let w be h(-11). Suppose -q + 3*q - 10 = w. Let t(b) = 4*b + 4. What is the remainder when t(q) is divided by 13?
11
Suppose -4*k - 524 = -120. Let m = k + 161. Suppose -2*j = -5*f + 16 + m, -3*f - 3*j = -33. What is the remainder when 53 is divided by f?
11
Let q(i) = -7*i**3 + 2*i + 1. Let x be q(-2). Let f = -22 + x. Calculate the remainder when f is divided by 8.
7
Let g = -13 - -25. Let w(k) = -k**2 - 11*k - 3. What is the remainder when g is divided by w(-10)?
5
Let o = -26 + 67. Let u = -31 - -45. What is the remainder when o is divided by u?
13
Let f = 173 + -131. What is the remainder when f is divided by 4?
2
Suppose 0 = -2*a - 0*a + 4. Suppose a*x - x = 0. Suppose 3*u - 27 - 3 = x. What is the remainder when 17 is divided by u?
7
Let q(c) = c**2 - 6*c + 8. Let z be q(8). Let j = 55 - z. What is the remainder when j is divided by 11?
9
Suppose u = -5*u + 24. Calculate the remainder when 10 is divided by u.
2
Let d(q) = -2*q**3 - 4*q**2 - 2*q + 4. Let o(f) = -6*f**3 + f + 1. What is the remainder when d(-3) is divided by o(-1)?
4
Let q(v) = -v + 1. Let u(i) = 11*i + 4. Let d(g) = -2*q(g) + u(g). Suppose -j = j - 30. Calculate the remainder when d(2) is divided by j.
13
What is the remainder when 68 is divided by ((-84)/16)/((-6)/16)?
12
What is the remainder when (-24)/(-10)*((-5)/5 + 36) is divided by 22?
18
Let h be (-3)/(-4)*(-16)/(-6). Suppose -243 = -r - h*r. Suppose 3*a + 3*u = r, a + 2*a + 5*u - 77 = 0. Calculate the remainder when a is divided by 10.
9
Let b(o) = o + 16. What is the remainder when 6 is divided by b(-14)?
0
Let w(g) = 2*g**3 - 4*g**2 + 3*g - 1. Let r(z) = -z**2 - 8*z - 5. Let a be r(-7). What is the remainder when w(a) is divided by 4?
1
Suppose 2 = -5*v + 22. What is the remainder when (-112)/(-20) + 3/(-5) is divided by v?
1
Let u(v) = -2*v**2 + v + 16. What is the remainder when 56 is divided by u(0)?
8
Let p(w) = -w**3 + 6*w**2 - 2*w + 1. What is the remainder when 63 is divided by p(5)?
15
Let l(g) = -g**3 + 17*g**2 - 14*g - 5. What is the remainder when l(16) is divided by (-1)/5 + 152/10?
12
Let c = 6 + -3. Suppose -2 - 8 = -5*n. Suppose c - n = l. What is the remainder when 1 is divided by l?
0
Let h(l) = 3*l**2 + 14*l + 19. Calculate the remainder when 95 is divided by h(-5).
23
Let g = 0 + 10. What is the remainder when 36 is divided by g?
6
Let q be (-6)/(-2)*(-858)/(-18). Suppose -3 = 2*o - q. What is the remainder when o is divided by 18?
16
Let m(o) = -2 - 2*o + 1 + 6. Let j be m(4). What is the remainder when 7 is divided by (-2)/(2/j) + 0?
1
What is the remainder when 1608/54 + (-4)/(-18) is divided by 4?
2
Let v(u) = u**3 + 7*u**2 - 7*u + 8. Let w be v(-8). Let x = 3 + w. Let c = 7 - 5. What is the remainder when x is divided by c?
1
Suppose -5*z = -0*z - 120. Calculate the remainder when 119 is divided by z.
23
Let c = -70 + 90. Calculate the remainder when 35 is divided by c.
15
Suppose -b = -0 - 3. Suppose -2*t = -2*j - 2*j + 46, 25 = -5*t. Calculate the remainder when j is divided by b.
0
Let c(v) = -7*v + 11. Calculate the remainder when c(-4) is divided by 21.
18
Suppose -3*a = -31 - 71. Calculate the remainder when a is divided by 13.
8
Suppose -v = -2*v - i + 6, 4*i - 18 = -v. Let y(h) = -h**2 - 2*h + 2. Calculate the remainder when y(0) is divided by v.
0
Suppose 0 = -4*a - t - 4, 3*a + 8*t = 3*t + 14. Calculate the remainder when (4 + a)*(-14)/(-4) is divided by 2.
1
Suppose -5*q = 2 - 32. What is the remainder when q is divided by 3?
0
Let v(q) = q**3 + 10*q**2 - 13*q + 14. Let w be v(-11). Suppose b + 3*b = w. Suppose 2*t + 20 - 72 = 0. Calculate the remainder when t is divided by b.
8
Suppose -33 = -d - 0*v + 4*v, 39 = 2*d + v. What is the remainder when 82 is divided by d?
19
Let r be 2/2 - (-13 + 8). Let p(g) = -g**2 + 9*g - 14. Calculate the remainder when 10 is divided by p(r).
2
Let v(z) = 0*z**2 - 7*z**2 - 3*z - 5*z - z**3 - 4. Let f be v(-6). Calculate the remainder when f/(-12) + 370/6 is divided by 16.
13
Let y = 17 - 11. What is the remainder when 9 is divided by y?
3
Let z(p) = -7*p - 2 + 8*p + 3 - 2. Calculate the remainder when 7 is divided by z(3).
1
Let r = 33 + -27. Suppose -2*o + 42 = -0*o. What is the remainder when o is divided by r?
3
Let n = -37 - -64. Let s = -17 + n. What is the remainder when 29/(-2 - -1)*-1 is divided by s?
9
Suppose 4*l = -70 + 354. What is the remainder when l is divided by 15?
11
Let g(v) = v**2 + 1. Suppose -3*t + 9 + 0 = 0. Suppose -4*f = -2*l + 14, -t*l + 2*f + 10 + 7 = 0. What is the remainder when g(4) is divided by l?
2
What is the remainder when 2 + (3/(-9) - (-6328)/12) is divided by 14?
11
Suppose f = -1 - 1. What is the remainder when 13 is divided by (5/(-2))/(f/4)?
3
Let c = -24 + 13. Let g = c + 20. Suppose -2*j - 5*k + 25 = -52, 4*k = -5*j + 150. What is the remainder when j is divided by g?
8
Let p(d) = 35*d - 15. Let i(l) = 12*l - 5. Let w(o) = 17*i(o) - 6*p(o). What is the remainder when w(-6) is divided by 14?
13
Suppose p = 3, -23 = -0*u - u + 2*p. Suppose 5*c + 0*c + 22 = f, -2*f + u = -5*c. Calculate the remainder when f is divided by 4.
3
Suppose -5*a - 5*h + h = 40, 4*h = -20. Let v(o) = -4*o**2 - 15*o + 8. What is the remainder when 